010303
What is 22120012212122 (base 3) in base 16?
457190
589d (base 15) to base 16
4987
What is 746745 (base 10) in base 15?
eb3d0
Convert -12513240 (base 7) to base 11.
-713371
Convert 3264005 (base 7) to base 16.
623a8
-12499380 (base 10) to base 8
-57534664
-1003033121 (base 4) to base 5
-32303132
What is -371644 (base 9) in base 12?
-a99a1
What is -311140221 (base 6) in base 4?
-110201012311
-5040144 (base 6) to base 16
-3a3c0
Convert 5a76 (base 12) to base 8.
23672
-85345 (base 10) to base 6
-1455041
-1857338 (base 10) to base 2
-111000101011100111010
What is -1057062 (base 8) in base 2?
-1000101111000110010
Convert -999b0 (base 13) to base 10.
-278486
182ac6 (base 16) to base 7
16314351
What is 13200221 (base 4) in base 13?
11003
Convert -1001001222201 (base 3) to base 10.
-552574
What is 2441410 (base 6) in base 7?
1050624
10111100111110111 (base 2) to base 14
27395
-10120203320 (base 4) to base 8
-4304370
What is -1540064 (base 8) in base 5?
-103124140
-ab6250 (base 12) to base 5
-1144232012
What is -5513623 (base 7) in base 14?
-138513
1100112201121 (base 3) to base 9
1315647
Convert 10515565 (base 7) to base 3.
1201100000021
378b5 (base 14) to base 3
20220210211
-117721 (base 13) to base 2
-1100101101010111011
88dba (base 16) to base 14
10840a
40a43 (base 12) to base 2
10100100111010011
What is 205103320 (base 6) in base 15?
4b1ea6
What is 1c4a49 (base 13) in base 3?
1100210220201
What is 2565210 (base 7) in base 5?
41214214
What is -21212312 (base 4) in base 13?
-14bac
What is -3a122d (base 16) in base 3?
-21011100111101
What is -331765 (base 8) in base 13?
-3ba50
Convert 10010011101001100 (base 2) to base 8.
223514
What is -69584 (base 12) in base 8?
-422764
Convert -11aa1b (base 12) to base 11.
-187681
Convert -25757 (base 12) to base 4.
-30133303
Convert -5531255 (base 7) to base 15.
-d670e
1011303111 (base 4) to base 8
1056325
What is 6a169 (base 11) in base 13?
37194
Convert 3113214 (base 8) to base 13.
22b665
79203 (base 10) to base 6
1410403
Convert -1222423220 (base 5) to base 2.
-1011001100110011111100
Convert 132810 (base 9) to base 11.
55818
What is -268292 (base 10) in base 3?
-111122000202
Convert cc39 (base 15) to base 10.
43254
-33073673 (base 8) to base 13
-161b749
What is -63a25c (base 15) in base 9?
-8827326
Convert -302ee (base 16) to base 13.
-6baa5
Convert 4264 (base 16) to base 9.
25274
3929388 (base 11) to base 8
31754546
Convert -110101001111111001 (base 2) to base 4.
-311033321
Convert -1111020323 (base 4) to base 11.
-219009
What is 10003223 (base 9) in base 11?
2779329
Convert 38961c (base 14) to base 3.
10122220100221
1443403 (base 7) to base 6
4110021
Convert 213044041 (base 5) to base 4.
3131333113
Convert -475504 (base 8) to base 3.
-22021002021
Convert 133433243 (base 5) to base 12.
29148a
-5320362 (base 8) to base 6
-50214150
-5b512 (base 15) to base 11
-189a22
What is -33567233 (base 8) in base 7?
-115536314
What is -97238 (base 12) in base 15?
-3dea2
c2495 (base 14) to base 12
1a6597
3110834 (base 10) to base 14
5ad986
Convert 77681 (base 10) to base 15.
1803b
What is -10655041 (base 7) in base 14?
-1a5c58
What is -6655746 (base 8) in base 6?
-102232530
Convert -540433323 (base 6) to base 16.
-91c6b3
21418 (base 12) to base 13
16c1c
Convert -1410450 (base 7) to base 12.
-90619
-24e8c (base 16) to base 11
-a3647
Convert b25e8 (base 15) to base 8.
2117350
-12120011201212 (base 3) to base 4
-23101221332
Convert -1111001110000101 (base 2) to base 15.
-13711
-127c1 (base 16) to base 4
-102133001
Convert 323302120 (base 4) to base 3.
110102220221
Convert b94b5 (base 12) to base 4.
323222021
-2121200222010 (base 3) to base 16
-153c15
What is -83ee (base 15) in base 8?
-66373
565cc7 (base 15) to base 12
1468597
What is -169c5 (base 16) in base 15?
-1c693
Convert -114313 (base 7) to base 4.
-11010001
What is -53636 (base 11) in base 2?
-10011000010001011
122554 (base 6) to base 12
645a
What is 11111111100100101011011 (base 2) in base 6?
455255215
Convert -1049aa (base 13) to base 12.
-164aba
Convert 2874433 (base 9) to base 8.
6026527
Convert 4042122 (base 6) to base 15.
3be95
Convert -1012020201100 (base 3) to base 4.
-2122332000
-1101010010000011 (base 2) to base 14
-15b7d
-2116367 (base 10) to base 11
-1216070
What is -1a66d (base 14) in base 8?
-203071
Convert 5153500 (base 6) to base 8.
745054
What is 13033002000 (base 4) in base 12?
775680
8b65d (base 14) to base 16
52b53
Convert -47039 (base 12) to base 2.
-10111001101101101
What is 80264 (base 16) in base 2?
10000000001001100100
Convert 186355 (base 10) to base 15.
3a33a
Convert 10000100101110001110 (base 2) to base 5.
114344010
What is 7355433 (base 9) in base 8?
17003526
What is -18d562d (base 14) in base 6?
-1120343333
-1110001332 (base 4) to base 11
-215660
What is 5c162 (base 13) in base 14?
45a54
5508018 (base 9) to base 7
34100531
2876620 (base 9) to base 11
993710
What is -1f7f5 (base 16) in base 3?
-20112222021
What is -8b026 (base 15) in base 14?
-b71cd
-5a4c50 (base 14) to base 3
-12210211010102
What is -213433433 (base 5) in base 8?
-3407036
259312 (base 12) to base 3
1011100211112
What is 79503 (base 13) in base 10?
220548
4ad2e (base 15) to base 16
3a673
Convert 11000001010010001 (base 2) to base 15.
1e4c6
13103210 (base 5) to base 13
4668b
1442244 (base 5) to base 6
355141
What is -1001110000011001011000 (base 2) in base 8?
-11603130
What is 30350222 (base 6) in base 12?
35b372
3c169 (base 13) to base 9
181041
What is -1ebc9 (base 15) in base 7?
-566055
What is -2867181 (base 9) in base 7?
-16300054
-4161 (base 10) to base 7
-15063
Convert -143251 (base 8) to base 12.
-25521
11212102102 (base 3) to base 4
113120333
5d9a1d (base 15) to base 7
53100352
What is 6822704 (base 10) in base 2?
11010000001101100110000
What is 10010000000011000101 (base 2) in base 7?
5005115
Convert 38ec7 (base 15) to base 7.
1356142
What is 114233504 (base 7) in base 2?
11011000101101001101011
-51036 (base 14) to base 6
-4102104
What is 1211002200 (base 3) in base 7?
206232
Convert 211200233221 (base 4) to base 5.
10004132244
-2824233 (base 9) to base 8
-5726220
Convert -1014101102 (base 5) to base 4.
-13333332003
What is 37087 (base 11) in base 5?
3201320
9ab48b (base 12) to base 10
2466539
1a51a (base 11) to base 14
a5b3
What is -1200111440 (base 5) in base 7?
-32163405
What is -642f6 (base 16) in base 6?
-12443450
What is -1292c4 (base 15) in base 7?
-10402342
What is -5106 (base 12) in base 7?
-34425
Convert -1130304 (base 6) to base 10.
-58432
Convert -684c66 (base 13) to base 11.
-1435670
Convert -423322 (base 6) to base 10.
-34466
What is -358c25 (base 14) in base 16?
-1bec01
28b8 (base 16) to base 2
10100010111000
-6572306 (base 9) to base 8
-15361405
What is 101332231110 (base 4) in base 13?
c90447
Convert -4236740 (base 8) to base 14.
-215b0c
Convert -22a54 (base 15) to base 6.
-2210441
Convert 346109 (base 11) to base 15.
acda8
-17483 (base 15) to base 6
-1340253
Convert -2310444243 (base 5) to base 9.
-10652360
-237928 (base 10) to base 7
-2010445
-262033 (base 9) to base 3
-22002001010
What is -10003302333 (base 4) in base 12?
-433993
111b92 (base 15) to base 7
6635654
3243550 (base 9) to base 6
101153330
What is -4311782 (base 9) in base 7?
-25433102
-51145 (base 14) to base 8
-575011
-2ea9bf (base 16) to base 8
-13524677
-110212111222202 (base 3) to base 8
-32057610
Convert 22d9b (base 14) to base 15.
1a2c0
-4031221 (base 5) to base 13
-23503
11010110110101001001 (base 2) to base 7
10323303
72899 (base 10) to base 5
4313044
3656673 (base 8) to base 3
1220011101121
What is 1a6cb (base 15) in base 3?
11100212002
4532501 (base 6) to base 15
4823a
Convert 1151315 (base 6) to base 4.
32330333
What is -4788 (base 10) in base 2?
-1001010110100
What is 3023433 (base 7) in base 2?
1010111101001010110
What is -2cba52 (base 15) in base 6?
-114230222
Convert -101042042 (base 7) to base 6.
-330145202
-454155 (base 8) to base 4
-211201231
-3e6bb6 (base 15) to base 6
-144302043
-6e795a (base 15) to base 13
-1133218
What is -1100111010010101010010 (base 2) in base 11?
-1a01a42
What is -26a46 (base 14) in base 8?
-272126
15224250 (base 8) to base 14
669880
Convert 3204261 (base 8) to base 2.
11010000100010110001
Convert -100110000111100100001 (base 2) to 